igit of v?
1
Suppose 0 = -4*i - 33 + 9. Let z(n) = -5*n + 49. Let d(k) = -k - 1. Let w(c) = i*d(c) + z(c). What is the tens digit of w(-7)?
4
Suppose 118*u + 5*r + 6676 = 119*u, 0 = -3*u - 3*r + 20082. What is the tens digit of u?
9
Suppose -20 = -5*p, 27*p = -3*m + 32*p - 1373. Let x = 1027 + m. What is the units digit of x?
6
Suppose 3*m + 7566 = 2*a, -3*a = 8*m - 6*m - 11336. Suppose 3*d + 4*y + 256 = a, -5*y = -4*d + 4647. What is the tens digit of d?
6
Let j(x) = -x**3 - 4*x**2 + 23*x - 11. Let k be j(-10). Let z = -158 + k. What is the tens digit of z?
0
Suppose 2*g = -0*g + 8. Suppose g*n = 804 + 136. Suppose l + 4*k = k + 81, -3*l - k = -n. What is the tens digit of l?
7
Let g = -43 - -58. Suppose -7*p + 12*p - g = 0. Suppose p*s - 2*k - 700 = -2*s, 271 = 2*s + k. What is the units digit of s?
8
Let h(b) = -321*b - 476. What is the tens digit of h(-30)?
5
Let c = 246 - 246. Let j be (-2)/((-3)/6 - 0). Suppose -4*b - b - 3*i + 65 = 0, c = j*b - i - 35. What is the tens digit of b?
1
Let b(o) = -5*o**2 + 7*o + 11. Let d be b(-3). Let g = -13 - d. Let u = 34 + g. What is the tens digit of u?
7
Suppose -4*u + 10*u = 0. Let m(f) = 4*f - 3*f - 2 + u*f + 172*f**3 + 3*f**2. What is the tens digit of m(1)?
7
Suppose 2*c - 32978 = -u - 7183, 0 = -u + 5*c + 25788. What is the tens digit of u?
9
Let c = 4974 + -2319. Suppose 6*o - 5643 - c = 0. What is the thousands digit of o?
1
Let l = -30045 - -77153. What is the units digit of l?
8
Suppose -2*p = 4*v - 122626, -4*p = -v - 151260 - 94064. What is the units digit of p?
9
Let o(b) = b**2 + 13*b + 28. Let n be o(-9). What is the hundreds digit of 368*4/n*6/(-4)?
2
Let z(m) be the third derivative of -2/3*m**4 - 17*m**2 + 0 + 0*m + 1/2*m**3. What is the tens digit of z(-2)?
3
Suppose -119*l + 263360 = -109*l. What is the ten thousands digit of l?
2
Let q be 4566/(-7) - 6/(-21). Let a be (24/(-20))/(q/320 - -2). Suppose -5*o + 4*t + a + 20 = 0, 3*t = -2*o + 30. What is the units digit of o?
2
What is the tens digit of (-55884)/(-15) + (1*3)/((-220)/44)?
2
Let v = -22 + 40. Suppose -246 = v*x - 15*x. Let z = x + 139. What is the tens digit of z?
5
Let j(c) = 93*c**2 + 199*c - 26. What is the tens digit of j(6)?
1
Suppose -26*z + 9*z = -5797. Suppose -q + 5*q - 4*r = 1404, r - z = -q. What is the tens digit of q?
4
Let n = 2510 - -2743. What is the units digit of n?
3
Let k(q) = 4*q**2 - 12*q - 107. Suppose 4*p + 35 = -p - 5*s, 0 = 2*p - s + 26. What is the tens digit of k(p)?
0
Let g(h) = -7*h**3 + 2*h**2 + 36*h - 10. What is the tens digit of g(-7)?
3
Let v(y) = 50*y + 154. Let z be v(-3). Let t(m) = 184*m + 8. What is the units digit of t(z)?
4
Let x(f) = -2*f**3 + 80*f**2 + 26*f + 89. What is the ten thousands digit of x(-16)?
2
Let h be (-4)/26 + 420/26. Let n be -2 - (h/12)/((-3)/9). Suppose -2*z - 91 = -n*y + 3*z, z = y - 47. What is the units digit of y?
8
Let m = -4054 - -20902. What is the thousands digit of m?
6
Let v(i) = -71*i + 9. Suppose 6*n + 18 = 6. What is the units digit of v(n)?
1
Suppose 15*g + 50 = 13*g. Let p be ((g/(-5))/5)/((-1)/124). Let c = p + 182. What is the units digit of c?
8
Let c(w) = w**2 + 3*w - 30. Let n be c(8). Suppose n*b - 18*b - 32600 = 0. What is the tens digit of b?
1
Suppose 26*b - 48 = 10*b. Suppose -475 = -8*t + b*t. Let x = -82 + t. What is the units digit of x?
3
What is the hundreds digit of 10803 + 1 + (54 - 17) + -31?
8
Let m(j) = 16*j + 207. Let t be m(0). Let i = t + -81. What is the tens digit of i?
2
Let d be -1 - 0 - (-4)/(28/21). Suppose 0 = -d*p + 485 + 1103. What is the tens digit of p?
9
Suppose -84 = n + 3*n. Let b = -778 - -779. What is the units digit of (7/n)/((-212)/(-213) - b)?
1
Suppose 0 = -4*i - 3*u + 27, -5*u - 5 = -30. Suppose i*s = -4*z + 260, z + 88 = s + 2*z. Suppose -w + s = 7. What is the units digit of w?
5
What is the units digit of 4 - (-8400)/((-24)/(-8))?
4
Let r = 550 - 545. Suppose 2*o - 3984 + 834 = -3*s, r*o + 1033 = s. What is the tens digit of s?
4
Suppose -6*p + 29017 + 18057 = 700. What is the units digit of p?
9
Let q(u) = u**3 - 27*u**2 + 196*u + 57. What is the units digit of q(13)?
9
What is the hundreds digit of (-2)/(52/(-234)) + 29614?
6
Suppose -584*x + 13433 = 2*i - 587*x, -x = -5. What is the units digit of i?
4
Suppose 6239 = -9*m + 39989. Suppose -l + 4 = 0, 0 = -5*c + c + 2*l + 40. Suppose -m = -c*i - 3*i. What is the units digit of i?
0
Suppose -3*n + c - 1 = 0, -n = -6*n + c + 1. Suppose -3 = -o + n, 5*d = 3*o + 598. What is the hundreds digit of d?
1
Let z(t) be the third derivative of -1/24*t**4 + 0*t + 1/120*t**6 + 1/30*t**5 + 32*t**2 + 0 + 143/6*t**3. What is the tens digit of z(0)?
4
Suppose 0 = -14*t + 4*t + 50. Suppose 0 = -4*r - 4*y + 2*y + 1842, t*r - 2296 = 4*y. Suppose -17*p + r = -16. What is the units digit of p?
8
Let g = 19 + -18. Let k be (-3 - 28/(-16)) + g/4. Let x(p) = 73*p**2. What is the tens digit of x(k)?
7
Suppose v - 3*h + 5747 = 49756, 5*h = 4*v - 176022. What is the thousands digit of v?
4
Let n(s) be the third derivative of -8/3*s**3 + 0 - 1/120*s**6 + 3/20*s**5 - 1/8*s**4 - 2*s**2 + 0*s. What is the units digit of n(7)?
1
Let m(w) = 6*w**2 + 13*w - 7. Let t be m(-8). Let q = t - 235. What is the units digit of q?
8
Let q = 66 - 68. Let j be (3/q)/(3 - 45/12). What is the hundreds digit of j*76 + 10/2 + -1?
1
Suppose 0 = 5*u + 5*h - 100, -6*h + 9*h = 3*u - 30. Let r = 350 - u. What is the tens digit of r?
3
Suppose 2*v - 1546 - 13300 = -c, 2*v = -5*c + 14854. What is the thousands digit of v?
7
Let g = -180 + -268. Let i = -269 - g. What is the hundreds digit of i?
1
Let f be 18/8 - (-18)/24. Suppose 39 = 5*u + f*p, u - 5*p + 4 = -5. Suppose 6*h - 4*h = m - u, -5*h = 5*m. What is the units digit of m?
2
Let l(j) = j**2 + 13*j + 28. Suppose t - 2*c + 27 = 0, 2*t + 2*c - 89 = 5*t. What is the units digit of l(t)?
6
Let r(c) = c**3 + 34*c**2 - 31*c + 263. What is the units digit of r(-27)?
3
Suppose -25*t + 314926 = -9949. What is the units digit of t?
5
Let u(z) = 192*z**2 - 25*z - 21. What is the hundreds digit of u(12)?
3
Let b(q) = -2. Let u(g) = -14*g**3 - 7*g**2 - 17*g - 18. Let x(k) = -4*b(k) + u(k). What is the units digit of x(-3)?
6
Suppose 97 = 14*x + 97. Suppose x = -t - 5*b + 54, 0 = -4*t - 4*b + 144 + 40. What is the units digit of t?
4
Suppose 4*h = h + 4*x - 175, 3*x + 225 = -4*h. Let j be (-5 - 13)/(1 - (-63)/h). Let f = 288 - j. What is the tens digit of f?
1
Suppose 0 = -3*k + 7 - 1. Suppose 2*f + m = 8, -k*f + 6*f - 3*m = 26. Suppose 4*w - 4*q = f*w - 86, -3*w = -q - 271. What is the tens digit of w?
9
Let r(b) = 69*b**2 + 17*b - 51. Let f(w) = w**3 + 6*w**2 + 6*w + 8. Let h be f(-5). What is the hundreds digit of r(h)?
6
Let w = 29545 - 19040. What is the tens digit of w?
0
Let h = 191 - 112. Let t = h - 77. Suppose 0 = -3*g + 2*r - 0*r + 380, t*g + 5*r = 266. What is the units digit of g?
8
Let l(m) = m**3 + m**2 + m - 1. Let r(u) = -5*u**3 - 29*u**2 - 23*u - 67. Let j(q) = -6*l(q) - r(q). What is the units digit of j(22)?
1
What is the thousands digit of (-5 - -17 - 9) + 10476?
0
Let r(g) = -6*g - 14. Let i be r(6). Let l = -48 - i. Suppose 3*u - c = -2*u + 196, 4*u - 152 = l*c. What is the tens digit of u?
4
Suppose -2*t - 1 + 9 = h, -5*h + 3*t + 27 = 0. Let d be (-764)/h + (-5)/((-15)/(-2)). What is the units digit of (-255)/(-8) + (-16)/d?
2
Let t be ((-66)/(-55))/((-3)/(-10)). Suppose -1224 = -t*y + 4*c, -4*y + 2*y + c + 607 = 0. What is the units digit of y?
1
Let b(q) = 0*q - 102 - 8*q + 80. Let n be b(-3). What is the hundreds digit of (223 - n)*(-1)/(-1)?
2
Suppose 0*y + 20 = -5*y, -2*y - 828 = -5*r. Let l = -140 + r. Suppose 15*b + 1368 = l*b. What is the units digit of b?
2
Suppose -33263 = 112*q - 116*q + 3*b, -3*q - 4*b + 24916 = 0. What is the thousands digit of q?
8
Let w(b) = -16*b + 43. Let u be w(3). What is the units digit of 245/147*(-18)/u?
6
Suppose -100*l - 163652 = -653252. What is the units digit of l?
6
Let c(k) = 37*k**2 - 10*k - 5. Suppose 0 = 2*u + 7*u + 36. What is the tens digit of c(u)?
2
What is the units digit of ((-585)/(-3))/((-51)/(-11611))?
5
What is the hundreds digit of (-1916)/(-6)*342/4?
3
Suppose 0*c = -2*c + 18. Suppose -c = 3*f - 9. Suppose f = w - 81 + 29. What is the tens digit of w?
5
Suppose -49*u +